{"id":23,"date":"2026-02-24T16:19:44","date_gmt":"2026-02-24T16:19:44","guid":{"rendered":"https:\/\/wandexo.space\/?page_id=23"},"modified":"2026-02-24T16:19:49","modified_gmt":"2026-02-24T16:19:49","slug":"secretos-del-parrillero","status":"publish","type":"page","link":"https:\/\/wandexo.space\/index.php\/secretos-del-parrillero\/","title":{"rendered":"SECRETOS DEL PARRILLERO"},"content":{"rendered":"\n<figure class=\"wp-block-image size-large\"><img loading=\"lazy\" decoding=\"async\" width=\"1024\" height=\"768\" src=\"https:\/\/wandexo.space\/wp-content\/uploads\/2026\/02\/fKHN8Bx-1024x768.jpg\" alt=\"\" class=\"wp-image-24\" srcset=\"https:\/\/wandexo.space\/wp-content\/uploads\/2026\/02\/fKHN8Bx-1024x768.jpg 1024w, https:\/\/wandexo.space\/wp-content\/uploads\/2026\/02\/fKHN8Bx-300x225.jpg 300w, https:\/\/wandexo.space\/wp-content\/uploads\/2026\/02\/fKHN8Bx-768x576.jpg 768w, https:\/\/wandexo.space\/wp-content\/uploads\/2026\/02\/fKHN8Bx-1536x1152.jpg 1536w, https:\/\/wandexo.space\/wp-content\/uploads\/2026\/02\/fKHN8Bx-2048x1536.jpg 2048w\" sizes=\"auto, (max-width: 1024px) 100vw, 1024px\" \/><\/figure>\n\n\n\n<p>A menudo, la gente entra en la tienda y me pregunta: \u00ab\u00bfDiego, cu\u00e1l es la mejor salsa?\u00bb. Y yo siempre les respondo con otra pregunta: \u00ab\u00bfQu\u00e9 vas a cocinar?\u00bb. No es lo mismo preparar unas alitas de pollo para ver el f\u00fatbol que un brisket de diez horas de ahumado. La salsa es la herramienta final, el toque maestro, y hay ciertos secretos que he ido aprendiendo tras a\u00f1os de quemarme las cejas frente a la parrilla que quiero compartir con vosotros. En Murcia tenemos una cultura de la carne muy buena, pero a veces fallamos en los detalles finales que separan una comida normal de una excepcional.<\/p>\n\n\n\n<p>\u2026\u2026\u2026\u2026\u2026\u2026\u2026\u2026\u2026\u2026..<\/p>\n\n\n\n<p><strong>CONSEJOS PARA USAR TUS SALSAS COMO UN PROFESIONAL<\/strong><\/p>\n\n\n\n<ol class=\"wp-block-list\">\n<li>La temperatura importa: Nunca saques la salsa directamente del frigor\u00edfico y la pongas sobre la carne caliente. El choque t\u00e9rmico no es bueno. Deja que la salsa est\u00e9 a temperatura ambiente o, mejor a\u00fan, cali\u00e9ntala un poco en un cazo al lado de la parrilla antes de aplicarla.<\/li>\n\n\n\n<li>El arte del pincel: No viertas la salsa a chorro sobre la carne. Usa un pincel de silicona o de cerdas naturales. Aplica capas finas. Es mejor poner tres capas finas que se vayan caramelizando una sobre otra que una capa gruesa que se resbale y termine en las brasas provocando llamaradas.<\/li>\n\n\n\n<li>Marinar vs Glasear: Hay salsas que son excelentes para marinar (dejar la carne en remojo horas antes) porque son m\u00e1s l\u00edquidas y penetran en la fibra. Otras son puramente para glasear (la parte final). Aprende a distinguir cu\u00e1l es cu\u00e1l leyendo las etiquetas o pregunt\u00e1ndome en la tienda.<\/li>\n\n\n\n<li>No te olvides del reposo: Una vez que saques la carne del fuego con su salsa bien pegajosa, d\u00e9jala reposar unos minutos. Esto permite que los jugos internos se asienten y que la salsa termine de endurecerse un poco, creando esa costra deliciosa.<\/li>\n\n\n\n<li>El acompa\u00f1amiento en mesa: Siempre deja un poco de salsa extra en un bol peque\u00f1o en la mesa. A mucha gente le gusta mojar un poco m\u00e1s, y esa salsa \u00aben crudo\u00bb sabe distinta a la que se ha cocinado sobre la carne.<\/li>\n<\/ol>\n\n\n\n<p>\u2026\u2026\u2026\u2026\u2026\u2026\u2026\u2026\u2026\u2026..<\/p>\n\n\n\n<blockquote class=\"wp-block-quote is-layout-flow wp-block-quote-is-layout-flow\">\n<p><strong>NOTA DE DIEGO:<\/strong> El humo es un ingrediente m\u00e1s. Si usas le\u00f1a de encina o de naranjo, que son comunes por aqu\u00ed por Murcia, el sabor que impregna la carne ya es potente. Elige una salsa que no compita con ese humo. Por ejemplo, con le\u00f1a de naranjo, una salsa barbacoa con toques c\u00edtricos o de miel funciona de esc\u00e1ndalo porque complementa los aromas de la madera.<\/p>\n<\/blockquote>\n\n\n\n<p>\u2026\u2026\u2026\u2026\u2026\u2026\u2026\u2026\u2026\u2026..<\/p>\n\n\n\n<p>Cocinar a la brasa es un ritual. Es tiempo, es paciencia y es compartir. En mi tienda no solo vendemos botes, vendemos la posibilidad de que seas el h\u00e9roe de tu pr\u00f3ximo evento. Me encanta cuando los clientes vuelven y me dicen: \u00abDiego, ese toque de la salsa de higos con el secreto ib\u00e9rico fue un \u00e9xito total\u00bb. Esa es la mayor recompensa para un peque\u00f1o negocio como el nuestro. As\u00ed que ya sabes, la pr\u00f3xima vez que prepares el carb\u00f3n, piensa en qu\u00e9 historia quieres contar con los sabores. P\u00e1sate por aqu\u00ed, charlamos un rato sobre carnes y encontramos juntos ese ingrediente l\u00edquido que har\u00e1 que tus invitados no quieran irse de tu casa.<\/p>\n","protected":false},"excerpt":{"rendered":"<p>A menudo, la gente entra en la tienda y me pregunta: \u00ab\u00bfDiego, cu\u00e1l es la mejor salsa?\u00bb. Y yo siempre les respondo con otra pregunta: \u00ab\u00bfQu\u00e9 vas a cocinar?\u00bb. No es lo mismo preparar unas alitas de pollo para ver el f\u00fatbol que un brisket de diez horas de ahumado. La salsa es la herramienta [&hellip;]<\/p>\n","protected":false},"author":1,"featured_media":0,"parent":0,"menu_order":3,"comment_status":"closed","ping_status":"closed","template":"","meta":{"footnotes":""},"class_list":["post-23","page","type-page","status-publish","hentry"],"_links":{"self":[{"href":"https:\/\/wandexo.space\/index.php\/wp-json\/wp\/v2\/pages\/23","targetHints":{"allow":["GET"]}}],"collection":[{"href":"https:\/\/wandexo.space\/index.php\/wp-json\/wp\/v2\/pages"}],"about":[{"href":"https:\/\/wandexo.space\/index.php\/wp-json\/wp\/v2\/types\/page"}],"author":[{"embeddable":true,"href":"https:\/\/wandexo.space\/index.php\/wp-json\/wp\/v2\/users\/1"}],"replies":[{"embeddable":true,"href":"https:\/\/wandexo.space\/index.php\/wp-json\/wp\/v2\/comments?post=23"}],"version-history":[{"count":1,"href":"https:\/\/wandexo.space\/index.php\/wp-json\/wp\/v2\/pages\/23\/revisions"}],"predecessor-version":[{"id":25,"href":"https:\/\/wandexo.space\/index.php\/wp-json\/wp\/v2\/pages\/23\/revisions\/25"}],"wp:attachment":[{"href":"https:\/\/wandexo.space\/index.php\/wp-json\/wp\/v2\/media?parent=23"}],"curies":[{"name":"wp","href":"https:\/\/api.w.org\/{rel}","templated":true}]}}